45?
45
Let m = -6349 + 13116. Calculate the highest common divisor of m and 67.
67
Let w(a) = -573*a + 8500. Let i be w(8). Calculate the greatest common divisor of 2 and i.
2
Suppose 3*y - 16 = 2. Let o(c) = -c + 3. Let r be o(3). Suppose -d + y + 74 = r. What is the greatest common divisor of 10 and d?
10
Suppose 6 = -5*n + 6. Suppose 2*k + 7*y - 3*y = n, -k + 18 = -4*y. Suppose k*s - 22 = 68. What is the greatest common divisor of 75 and s?
15
Let w = -816 - -1776. Calculate the greatest common factor of 15 and w.
15
Suppose -5*f - 23 + 83 = 5*q, 4*f - 83 = 3*q. Let w be 2/(-4) + 2329/34. Calculate the greatest common factor of f and w.
17
Let w(h) = 17*h + 47. Let b be w(31). Let m = b - 204. What is the highest common divisor of m and 74?
74
Let s be (-24)/(8 - ((-2470)/(-145) + -9)). Calculate the greatest common divisor of 1508 and s.
116
Suppose -12593 = 6*v - 151853. What is the greatest common divisor of 10 and v?
10
Let h be (-2 + -168 + -3)*(16 - 21) - 7. Calculate the highest common divisor of h and 30.
6
Let x(u) = -u**3 + 5*u**2 + 1. Let r be ((-4)/(-10))/(4/40). Let z be x(r). Let v be ((1 - 0)*-4)/(2/(-51)). What is the highest common factor of v and z?
17
Let l = 120 + -113. Let h = 6 + l. Let v = h + -10. Calculate the highest common factor of v and 5.
1
Let h = -811 + 815. Let r(j) = j**2 + 8. Let n be r(h). Calculate the highest common factor of 588 and n.
12
Let k be ((-5643)/(-132))/((-21)/(-728)). Calculate the highest common factor of 570 and k.
114
Suppose -32*v = -31*v - 52. Suppose -23*k + 10*k + v = 0. Suppose -3*z + 13 = 4*y, 4*y - 3*z - z - 20 = 0. Calculate the highest common factor of y and k.
4
Suppose -4852 = 57*k - 11236. Let c be 2/(-3)*1*-48. Calculate the highest common divisor of k and c.
16
Suppose -19*c = -244 - 212. Suppose -3*s + 24 + c = -3*o, 0 = o - 4. Calculate the highest common divisor of 70 and s.
10
Suppose 2*u - 14 = 0, -3*q - 700*u + 694*u + 2157 = 0. What is the greatest common divisor of q and 285?
15
Let m be (512/6)/(-2)*((-9)/(-6) - 3). Calculate the greatest common divisor of m and 1936.
16
Let j be (-12)/8 - 5418/12. Let o = 515 + j. Calculate the greatest common divisor of o and 403.
31
Suppose -45*n + 1584 = -n. What is the highest common divisor of 396 and n?
36
Let k(q) = q. Let r be k(1). Suppose 0 = -3*c + l + 38, -86 = -4*c - 5*l - 29. What is the highest common factor of r and c?
1
Let w = -8620 - -26044. What is the greatest common factor of w and 144?
144
Suppose 47*l = -21*l - 11*l + 198369. Calculate the highest common divisor of 465 and l.
93
Suppose 3*h = -n + 113 + 189, 2*h + 3*n = 206. Suppose 0 = 2*r + 3*j - 65, -4*r - 3*j + 165 = -4*j. Calculate the greatest common divisor of r and h.
20
Suppose -14*c + 183 = -181. Let u = 62 - 10. What is the highest common divisor of u and c?
26
Suppose 1620 = -2*j + 11*j. Suppose 11*q = 5*q + j. Let n be 4 - -1 - (5 + -5). Calculate the greatest common factor of q and n.
5
Suppose -221*r = -120*r - 957682. Calculate the greatest common factor of r and 11.
11
Suppose -3*w - w + 3*s = -23170, -w - 16*s + 5893 = 0. What is the greatest common factor of w and 62?
31
Let w be (-4)/30 - (-528)/(-90). Let n be (w - 63/(-2))*2. What is the greatest common divisor of n and 187?
17
Let r = 146 + -78. Let x = r - 65. Let q be 1 - (-6)/(x + -1). Calculate the highest common divisor of 3 and q.
1
Let x = 253 - 235. Suppose -2*n - 34 = -4*a, 11 + 2 = a - 2*n. Let z = -1 + a. Calculate the greatest common factor of z and x.
6
Suppose -2*c - 3622 = -3*j, j + 4*c - 1194 = 2*c. Calculate the highest common divisor of j and 2236.
172
Let d be (16/132)/((-4)/6) + (-1111)/(-121). What is the highest common factor of 99 and d?
9
Let z(i) = -172*i - 1368. Let q be z(-9). Calculate the highest common divisor of 1545 and q.
15
Suppose 3*o - 2486 = 5*f, 7*o + f - 2498 = 4*o. What is the greatest common divisor of 9776 and o?
208
Let o(r) = -r**2 + 11*r - 22. Suppose 4*q + 2*i + 60 = 3*q, 5*q - i + 355 = 0. Let b = q + 76. Let z be o(b). What is the highest common factor of z and 16?
8
Suppose -27490 = 10*x - 9*x - 5*j, 0 = 4*j - 12. Let a be 5 + x/(-147) - 6/(-63). Calculate the greatest common divisor of 12 and a.
12
Let w(k) = -10*k + 1 - k**3 + 26 + 12*k**2 - 9. Let n be w(11). What is the greatest common factor of n and 145?
29
Suppose 432 = r + 4*b, -3*r + 2118 = 2*r - b. Suppose -3*z - 4*x = 2*z - 32, -3*z + x + 26 = 0. What is the greatest common divisor of r and z?
8
Let q be (-484)/121*(-11)/(-4)*-79. Calculate the greatest common factor of 1975 and q.
79
Let h = 13028 - 11215. What is the highest common divisor of 1036 and h?
259
Suppose -55 = 5*d + 3*i, -d + 6*d - 3*i + 25 = 0. Let z = d - -11. What is the highest common divisor of 147 and z?
3
Suppose 125*h - 3996 = -30*h + 2514. What is the highest common divisor of h and 3750?
6
Let g = 3405 - 3404. Let c(p) = -3*p + 3*p + 1 + 4*p + p**2. Let z be c(-4). What is the highest common factor of g and z?
1
Let l be 4 + 0 + 2/(-1). Suppose 6*i + 25 = 49. Suppose l*n - 96 = -i*n. Calculate the greatest common factor of 64 and n.
16
Suppose -4*u + 781 + 3 = i, 4*u = 5*i - 3992. What is the highest common divisor of 3781 and i?
199
Suppose -3*z - 72 = -9*z. Let t be ((-9)/(-6))/(9/z). Suppose t*a - 6*a = -96. Calculate the greatest common divisor of a and 264.
24
Suppose 2*h + 0*n = 5*n + 305, -3*n = -2*h + 311. Suppose -5*d = -13*d - h. Let b = d + 174. Calculate the greatest common divisor of b and 14.
14
Suppose 0 = 4*r - 161 + 145. Let q be ((-23)/r)/(47/(-564)). Calculate the greatest common divisor of q and 3.
3
Let f(z) = z**2 + 8*z - 9. Let h = 11 - -28. Let j = h + -53. Let q be f(j). What is the greatest common factor of q and 30?
15
Suppose -630*g = -621*g - 630. Calculate the highest common factor of 540 and g.
10
Suppose m + 854 = 3*t + 124, -3*t + 728 = m. Suppose 6*k = 261 - t. What is the highest common divisor of k and 75?
3
Suppose 0 = 4*h + 2*g + 994, -3*h + 3*g - 4*g - 745 = 0. Let q = 170 - h. Calculate the greatest common factor of q and 38.
38
Suppose 86*h - 227*h + 12132 = 196*h. Calculate the greatest common divisor of 252 and h.
36
Suppose 106*f - 105*f = 4*y + 216, -f + 5*y + 222 = 0. Let v be ((-18)/(-15))/1*30. Calculate the greatest common factor of v and f.
12
Let m = -161 + 181. Suppose -21 = 17*f - m*f. What is the greatest common divisor of 35 and f?
7
Suppose 0 = 4*m - 3*u - 34492, -11 = -2*u - 19. What is the highest common factor of 20 and m?
20
Suppose -3*l + 2326*x = 2321*x - 1891, -2*x = -5*l + 3139. Calculate the greatest common divisor of l and 2926.
209
Let l = -7 - -26. Let b be (5 - -74)/((-1)/(-4)*-2). Let x = 165 - b. What is the greatest common divisor of l and x?
19
Let n(p) = -p**2 - 202*p + 1264. Let b be n(6). Calculate the greatest common factor of b and 98.
2
Let x = 19644 - 19587. Calculate the highest common divisor of 15333 and x.
57
Suppose 756 = -12*m + 2174 + 1462. Calculate the highest common divisor of 75 and m.
15
Let z be (-23308)/(-18) + 314/2826. What is the greatest common divisor of 105 and z?
35
Let t(j) = 2*j**2 + j**2 - 4 + 40*j**3 - 73*j**3 + 20*j + 32*j**3. Let y be t(6). Calculate the greatest common factor of y and 2.
2
Let p = 3 + -9. Let r be p*(-7)/(-21) - -19. Calculate the greatest common factor of r and 221.
17
Let w(d) = 2 - 3 + 6 + d. Let u be w(7). Suppose 0 = 10*g - 5*g - 60. What is the greatest common factor of u and g?
12
Let p(w) = 12*w + 3. Let d be p(6). Suppose 25245 = 483*y + 78*y. Calculate the highest common factor of d and y.
15
Suppose -36 = -16*z + 12. Suppose -z*u - 138 + 282 = 0. Calculate the highest common factor of u and 4.
4
Let o(f) = f**3 - 4*f**2 + 3*f - 8. Let q be o(3). Let c be 2*(1 - 2)*q. What is the greatest common factor of c and 76?
4
Let x(q) = 62*q + 945. Let l be x(-14). Suppose -2*a - 4*s + 38 = -14, -3*s = a - 28. Calculate the highest common factor of a and l.
11
Let z(j) = 45*j + 13. Let s be z(-10). Let d be 4/(-30) + s/(-15). Let c = -376 - -695. Calculate the highest common divisor of c and d.
29
Let b = 1 + -1. Let p be 2/((-1 - b)/(-18)). Let w(t) = -2*t**2 + 615*t - 7068. Let d be w(12). What is the greatest common divisor of p and d?
12
Suppose -4*d = -5*u + 60, 32*d -